{"id":165,"date":"2025-01-08T15:22:47","date_gmt":"2025-01-08T13:22:47","guid":{"rendered":"https:\/\/itpagalba.com\/?page_id=165"},"modified":"2025-01-09T11:07:53","modified_gmt":"2025-01-09T09:07:53","slug":"apie-mus","status":"publish","type":"page","link":"https:\/\/itpagalba.com\/index.php\/apie-mus\/","title":{"rendered":"Apie mus"},"content":{"rendered":"\t\t<div data-elementor-type=\"wp-page\" data-elementor-id=\"165\" class=\"elementor elementor-165\">\n\t\t\t\t<div class=\"elementor-element elementor-element-17c9f44 e-flex e-con-boxed e-con e-parent\" data-id=\"17c9f44\" data-element_type=\"container\">\n\t\t\t\t\t<div class=\"e-con-inner\">\n\t\t\t\t<div class=\"elementor-element elementor-element-ab98e07 elementor-widget elementor-widget-text-editor\" data-id=\"ab98e07\" data-element_type=\"widget\" data-widget_type=\"text-editor.default\">\n\t\t\t\t<div class=\"elementor-widget-container\">\n\t\t\t\t\t\t\t\t\t<p data-pm-slice=\"1 1 []\">Esame patyr\u0119 IT sprendim\u0173 specialistai, kurie nori pasidalinti sukaupta patirtimi ir pasi\u016blyti optimalius sprendimus, pritaikytus kiekvieno kliento poreikiams. Per daugel\u012f met\u0173 darbo IT infrastrukt\u016bros srityje mat\u0117me, kaip kartais klientams si\u016bloma brangi \u012franga, kurios galimybi\u0173 jie nei\u0161naudoja net per pus\u0119, o tai tampa tik papildoma finansine na\u0161ta. Tod\u0117l m\u016bs\u0173 tikslas \u2013 pad\u0117ti klientams rasti efektyvius sprendimus, kurie u\u017etikrint\u0173 kokyb\u0119, saugum\u0105 ir b\u016bt\u0173 verti savo kainos.<\/p>\t\t\t\t\t\t\t\t<\/div>\n\t\t\t\t<\/div>\n\t\t\t\t\t<\/div>\n\t\t\t\t<\/div>\n\t\t<div class=\"elementor-element elementor-element-73163ca e-flex e-con-boxed e-con e-parent\" data-id=\"73163ca\" data-element_type=\"container\">\n\t\t\t\t\t<div class=\"e-con-inner\">\n\t\t\t\t<div class=\"elementor-element elementor-element-1377e8f elementor-widget elementor-widget-heading\" data-id=\"1377e8f\" data-element_type=\"widget\" data-widget_type=\"heading.default\">\n\t\t\t\t<div class=\"elementor-widget-container\">\n\t\t\t\t\t<h2 class=\"elementor-heading-title elementor-size-default\">M\u016bs\u0173 stipryb\u0117s:<\/h2>\t\t\t\t<\/div>\n\t\t\t\t<\/div>\n\t\t\t\t<div class=\"elementor-element elementor-element-f8e2b7e elementor-widget elementor-widget-text-editor\" data-id=\"f8e2b7e\" data-element_type=\"widget\" data-widget_type=\"text-editor.default\">\n\t\t\t\t<div class=\"elementor-widget-container\">\n\t\t\t\t\t\t\t\t\t<ul style=\"margin-top: 0cm;\" type=\"disc\"><li class=\"MsoNormal\"><b>Vert\u0119 kuriantys sprendimai:<\/b>\u00a0Teikiame sprendimus, kurie atitinka klient\u0173 l\u016bkes\u010dius ir poreikius, u\u017etikrindami, kad jie gaut\u0173 maksimali\u0105 naud\u0105 be perteklini\u0173 investicij\u0173.<\/li><li class=\"MsoNormal\"><b>Plati patirtis:<\/b>\u00a0Dirbame tiek su ma\u017eomis, tiek su vidutin\u0117mis \u012fmon\u0117mis, si\u016blydami WiFi tinkl\u0173 projektavim\u0105 ir diegim\u0105, IT saugos sprendimus bei tinkl\u0173 architekt\u016bros optimizavim\u0105.<\/li><li class=\"MsoNormal\"><b>Prakti\u0161kas po\u017ei\u016bris:<\/b>\u00a0Suprantame, kad brangiausi sprendimai neb\u016btinai yra geriausi. Tod\u0117l si\u016blome patikrintus ir efektyvius sprendimus, kurie da\u017enai nenusileid\u017eia enterprise lygiui, bet yra ekonomi\u0161kesni ir racional\u016bs.<\/li><li class=\"MsoNormal\"><b>Rezervini\u0173 kopij\u0173 svarba:<\/b>\u00a0Rezervin\u0117s kopijos yra kritinis veiksnys, u\u017etikrinantis verslo t\u0119stinum\u0105 ir duomen\u0173 saugum\u0105. Da\u017enai ma\u017eesn\u0117s \u012fmon\u0117s mano, kad negali sau leisti sprendim\u0173, kuriuos naudoja didieji rinkos dalyviai, tod\u0117l apskritai apie tai negalvoja arba imasi veiksm\u0173 tik po \u012fvykusios kriz\u0117s, pavyzd\u017eiui, kai duomenys u\u017e\u0161ifruojami ir pra\u0161oma i\u0161pirkos arba jie pavie\u0161inami. Ta\u010diau rezervin\u0117s kopijos svarbios ne tik reputacijai apsaugoti, bet ir kasdieninei veiklai u\u017etikrinti. Ar kada susim\u0105st\u0117te, kas nutikt\u0173, jei sugest\u0173 vadovo kompiuteris ar prarastum\u0117te klient\u0173 duomenis? Mes padedame pasirinkti sprendimus, kurie u\u017etikrins, kad tokios situacijos netapt\u0173 kritin\u0117mis problemomis.<\/li><\/ul>\t\t\t\t\t\t\t\t<\/div>\n\t\t\t\t<\/div>\n\t\t\t\t\t<\/div>\n\t\t\t\t<\/div>\n\t\t<div class=\"elementor-element elementor-element-984eee0 e-flex e-con-boxed e-con e-parent\" data-id=\"984eee0\" data-element_type=\"container\">\n\t\t\t\t\t<div class=\"e-con-inner\">\n\t\t\t\t<div class=\"elementor-element elementor-element-cae67c4 elementor-widget elementor-widget-heading\" data-id=\"cae67c4\" data-element_type=\"widget\" data-widget_type=\"heading.default\">\n\t\t\t\t<div class=\"elementor-widget-container\">\n\t\t\t\t\t<h2 class=\"elementor-heading-title elementor-size-default\">Kod\u0117l verta rinktis mus?<\/h2>\t\t\t\t<\/div>\n\t\t\t\t<\/div>\n\t\t\t\t\t<\/div>\n\t\t\t\t<\/div>\n\t\t<div class=\"elementor-element elementor-element-2aa59cf e-flex e-con-boxed e-con e-parent\" data-id=\"2aa59cf\" data-element_type=\"container\">\n\t\t\t\t\t<div class=\"e-con-inner\">\n\t\t\t\t<div class=\"elementor-element elementor-element-698af71 elementor-widget elementor-widget-text-editor\" data-id=\"698af71\" data-element_type=\"widget\" data-widget_type=\"text-editor.default\">\n\t\t\t\t<div class=\"elementor-widget-container\">\n\t\t\t\t\t\t\t\t\t<ul><li><b>Specializacija tinkl\u0173 ir WiFi sprendimuose:<\/b>\u00a0WiFi tinkl\u0173 ir ry\u0161io sprendimai yra viena aktualiausi\u0173 sri\u010di\u0173 tiek ma\u017eesn\u0117ms \u012fmon\u0117ms, tiek individualiems klientams. Tod\u0117l pirmiausia si\u016blome profesionalius sprendimus, kurie u\u017etikrins patikim\u0105 ry\u0161\u012f ir tinklo saugum\u0105.<\/li><li><b>\u00a0Ilgamet\u0117 patirtis:<\/b>\u00a0Sukaupta patirtis leid\u017eia mums si\u016blyti sprendimus, kurie yra efektyv\u016bs, patikimi ir pritaikyti pagal specifinius kliento poreikius.<\/li><li><b>Investicija \u012f kokyb\u0119:<\/b>\u00a0IT sprendimai, tokie kaip tinkl\u0173, WiFi ir IT saugos sprendimai, da\u017enai sudaro nedidel\u0119 viso projekto dal\u012f, ta\u010diau turi did\u017eiul\u0119 reik\u0161m\u0119 veiklos kokybei. Nesvarbu, ar kalbame apie verslo pl\u0117tr\u0105, naujus biurus, gamybines patalpas ar visuomenin\u0117s paskirties objektus, mes padedame pasirinkti sprendimus, kurie u\u017etikrins ilgalaik\u012f stabilum\u0105 ir auk\u0161t\u0105 kokyb\u0119.<\/li><\/ul>\t\t\t\t\t\t\t\t<\/div>\n\t\t\t\t<\/div>\n\t\t\t\t\t<\/div>\n\t\t\t\t<\/div>\n\t\t<div class=\"elementor-element elementor-element-cb77e67 e-flex e-con-boxed e-con e-parent\" data-id=\"cb77e67\" data-element_type=\"container\">\n\t\t\t\t\t<div class=\"e-con-inner\">\n\t\t\t\t<div class=\"elementor-element elementor-element-ea47053 elementor-widget elementor-widget-text-editor\" data-id=\"ea47053\" data-element_type=\"widget\" data-widget_type=\"text-editor.default\">\n\t\t\t\t<div class=\"elementor-widget-container\">\n\t\t\t\t\t\t\t\t\t<p>Esame pasireng\u0119 pad\u0117ti spr\u0119sti IT infrastrukt\u016bros klausimus \u2013 nuo tinkl\u0173 projektavimo iki saugos sprendim\u0173, kurie padidins j\u016bs\u0173 veiklos efektyvum\u0105 ir u\u017etikrins patikim\u0105 darb\u0105.<\/p>\t\t\t\t\t\t\t\t<\/div>\n\t\t\t\t<\/div>\n\t\t\t\t\t<\/div>\n\t\t\t\t<\/div>\n\t\t<div class=\"elementor-element elementor-element-335c2e5 e-flex e-con-boxed e-con e-parent\" data-id=\"335c2e5\" data-element_type=\"container\">\n\t\t\t\t\t<div class=\"e-con-inner\">\n\t\t\t\t<div class=\"elementor-element elementor-element-c9ff234 elementor-widget elementor-widget-image\" data-id=\"c9ff234\" data-element_type=\"widget\" data-widget_type=\"image.default\">\n\t\t\t\t<div class=\"elementor-widget-container\">\n\t\t\t\t\t\t\t\t\t\t\t\t\t\t\t<img fetchpriority=\"high\" decoding=\"async\" width=\"1024\" height=\"1024\" src=\"https:\/\/itpagalba.com\/wp-content\/uploads\/2025\/01\/about-us.jpg\" class=\"attachment-large size-large wp-image-187\" alt=\"\" srcset=\"https:\/\/itpagalba.com\/wp-content\/uploads\/2025\/01\/about-us.jpg 1024w, https:\/\/itpagalba.com\/wp-content\/uploads\/2025\/01\/about-us-300x300.jpg 300w, https:\/\/itpagalba.com\/wp-content\/uploads\/2025\/01\/about-us-150x150.jpg 150w, https:\/\/itpagalba.com\/wp-content\/uploads\/2025\/01\/about-us-768x768.jpg 768w, https:\/\/itpagalba.com\/wp-content\/uploads\/2025\/01\/about-us-1000x1000.jpg 1000w, https:\/\/itpagalba.com\/wp-content\/uploads\/2025\/01\/about-us-230x230.jpg 230w, https:\/\/itpagalba.com\/wp-content\/uploads\/2025\/01\/about-us-350x350.jpg 350w, https:\/\/itpagalba.com\/wp-content\/uploads\/2025\/01\/about-us-480x480.jpg 480w\" sizes=\"(max-width: 1024px) 100vw, 1024px\" \/>\t\t\t\t\t\t\t\t\t\t\t\t\t\t\t<\/div>\n\t\t\t\t<\/div>\n\t\t\t\t\t<\/div>\n\t\t\t\t<\/div>\n\t\t\t\t<\/div>\n\t\t","protected":false},"excerpt":{"rendered":"<p>Esame patyr\u0119 IT sprendim\u0173 specialistai, kurie nori pasidalinti sukaupta patirtimi ir pasi\u016blyti optimalius sprendimus, pritaikytus kiekvieno kliento poreikiams. Per daugel\u012f met\u0173 darbo [&hellip;]<\/p>\n","protected":false},"author":1,"featured_media":0,"parent":0,"menu_order":1,"comment_status":"closed","ping_status":"closed","template":"","meta":{"_monsterinsights_skip_tracking":false,"_monsterinsights_sitenote_active":false,"_monsterinsights_sitenote_note":"","_monsterinsights_sitenote_category":0,"footnotes":""},"class_list":["post-165","page","type-page","status-publish","hentry"],"yoast_head":"<!-- This site is optimized with the Yoast SEO plugin v24.2 - https:\/\/yoast.com\/wordpress\/plugins\/seo\/ -->\n<title>Apie mus | itpagalba.com<\/title>\n<meta name=\"robots\" content=\"index, follow, max-snippet:-1, max-image-preview:large, max-video-preview:-1\" \/>\n<link rel=\"canonical\" href=\"https:\/\/itpagalba.com\/index.php\/apie-mus\/\" \/>\n<meta property=\"og:locale\" content=\"lt_LT\" \/>\n<meta property=\"og:type\" content=\"article\" \/>\n<meta property=\"og:title\" content=\"Apie mus | itpagalba.com\" \/>\n<meta property=\"og:description\" content=\"Esame patyr\u0119 IT sprendim\u0173 specialistai, kurie nori pasidalinti sukaupta patirtimi ir pasi\u016blyti optimalius sprendimus, pritaikytus kiekvieno kliento poreikiams. Per daugel\u012f met\u0173 darbo [&hellip;]\" \/>\n<meta property=\"og:url\" content=\"https:\/\/itpagalba.com\/index.php\/apie-mus\/\" \/>\n<meta property=\"og:site_name\" content=\"itpagalba.com\" \/>\n<meta property=\"article:modified_time\" content=\"2025-01-09T09:07:53+00:00\" \/>\n<meta property=\"og:image\" content=\"https:\/\/itpagalba.com\/wp-content\/uploads\/2025\/01\/about-us.jpg\" \/>\n\t<meta property=\"og:image:width\" content=\"1024\" \/>\n\t<meta property=\"og:image:height\" content=\"1024\" \/>\n\t<meta property=\"og:image:type\" content=\"image\/jpeg\" \/>\n<meta name=\"twitter:card\" content=\"summary_large_image\" \/>\n<meta name=\"twitter:label1\" content=\"Est. reading time\" \/>\n\t<meta name=\"twitter:data1\" content=\"1 minut\u0117\" \/>\n<script type=\"application\/ld+json\" class=\"yoast-schema-graph\">{\"@context\":\"https:\/\/schema.org\",\"@graph\":[{\"@type\":\"WebPage\",\"@id\":\"https:\/\/itpagalba.com\/index.php\/apie-mus\/\",\"url\":\"https:\/\/itpagalba.com\/index.php\/apie-mus\/\",\"name\":\"Apie mus | itpagalba.com\",\"isPartOf\":{\"@id\":\"https:\/\/itpagalba.com\/#website\"},\"primaryImageOfPage\":{\"@id\":\"https:\/\/itpagalba.com\/index.php\/apie-mus\/#primaryimage\"},\"image\":{\"@id\":\"https:\/\/itpagalba.com\/index.php\/apie-mus\/#primaryimage\"},\"thumbnailUrl\":\"https:\/\/itpagalba.com\/wp-content\/uploads\/2025\/01\/about-us.jpg\",\"datePublished\":\"2025-01-08T13:22:47+00:00\",\"dateModified\":\"2025-01-09T09:07:53+00:00\",\"breadcrumb\":{\"@id\":\"https:\/\/itpagalba.com\/index.php\/apie-mus\/#breadcrumb\"},\"inLanguage\":\"lt-LT\",\"potentialAction\":[{\"@type\":\"ReadAction\",\"target\":[\"https:\/\/itpagalba.com\/index.php\/apie-mus\/\"]}]},{\"@type\":\"ImageObject\",\"inLanguage\":\"lt-LT\",\"@id\":\"https:\/\/itpagalba.com\/index.php\/apie-mus\/#primaryimage\",\"url\":\"https:\/\/itpagalba.com\/wp-content\/uploads\/2025\/01\/about-us.jpg\",\"contentUrl\":\"https:\/\/itpagalba.com\/wp-content\/uploads\/2025\/01\/about-us.jpg\",\"width\":1024,\"height\":1024},{\"@type\":\"BreadcrumbList\",\"@id\":\"https:\/\/itpagalba.com\/index.php\/apie-mus\/#breadcrumb\",\"itemListElement\":[{\"@type\":\"ListItem\",\"position\":1,\"name\":\"Home\",\"item\":\"https:\/\/itpagalba.com\/\"},{\"@type\":\"ListItem\",\"position\":2,\"name\":\"Apie mus\"}]},{\"@type\":\"WebSite\",\"@id\":\"https:\/\/itpagalba.com\/#website\",\"url\":\"https:\/\/itpagalba.com\/\",\"name\":\"itpagalba.com\",\"description\":\"IT pagalba: WiFi, tinklai, saugumas \u2013 profesional\u016bs sprendimai\",\"publisher\":{\"@id\":\"https:\/\/itpagalba.com\/#organization\"},\"potentialAction\":[{\"@type\":\"SearchAction\",\"target\":{\"@type\":\"EntryPoint\",\"urlTemplate\":\"https:\/\/itpagalba.com\/?s={search_term_string}\"},\"query-input\":{\"@type\":\"PropertyValueSpecification\",\"valueRequired\":true,\"valueName\":\"search_term_string\"}}],\"inLanguage\":\"lt-LT\"},{\"@type\":\"Organization\",\"@id\":\"https:\/\/itpagalba.com\/#organization\",\"name\":\"itpagalba.com\",\"url\":\"https:\/\/itpagalba.com\/\",\"logo\":{\"@type\":\"ImageObject\",\"inLanguage\":\"lt-LT\",\"@id\":\"https:\/\/itpagalba.com\/#\/schema\/logo\/image\/\",\"url\":\"https:\/\/itpagalba.com\/wp-content\/uploads\/2025\/01\/White-logo-no-background.png\",\"contentUrl\":\"https:\/\/itpagalba.com\/wp-content\/uploads\/2025\/01\/White-logo-no-background.png\",\"width\":3192,\"height\":3155,\"caption\":\"itpagalba.com\"},\"image\":{\"@id\":\"https:\/\/itpagalba.com\/#\/schema\/logo\/image\/\"}}]}<\/script>\n<!-- \/ Yoast SEO plugin. -->","yoast_head_json":{"title":"Apie mus | itpagalba.com","robots":{"index":"index","follow":"follow","max-snippet":"max-snippet:-1","max-image-preview":"max-image-preview:large","max-video-preview":"max-video-preview:-1"},"canonical":"https:\/\/itpagalba.com\/index.php\/apie-mus\/","og_locale":"lt_LT","og_type":"article","og_title":"Apie mus | itpagalba.com","og_description":"Esame patyr\u0119 IT sprendim\u0173 specialistai, kurie nori pasidalinti sukaupta patirtimi ir pasi\u016blyti optimalius sprendimus, pritaikytus kiekvieno kliento poreikiams. Per daugel\u012f met\u0173 darbo [&hellip;]","og_url":"https:\/\/itpagalba.com\/index.php\/apie-mus\/","og_site_name":"itpagalba.com","article_modified_time":"2025-01-09T09:07:53+00:00","og_image":[{"width":1024,"height":1024,"url":"https:\/\/itpagalba.com\/wp-content\/uploads\/2025\/01\/about-us.jpg","type":"image\/jpeg"}],"twitter_card":"summary_large_image","twitter_misc":{"Est. reading time":"1 minut\u0117"},"schema":{"@context":"https:\/\/schema.org","@graph":[{"@type":"WebPage","@id":"https:\/\/itpagalba.com\/index.php\/apie-mus\/","url":"https:\/\/itpagalba.com\/index.php\/apie-mus\/","name":"Apie mus | itpagalba.com","isPartOf":{"@id":"https:\/\/itpagalba.com\/#website"},"primaryImageOfPage":{"@id":"https:\/\/itpagalba.com\/index.php\/apie-mus\/#primaryimage"},"image":{"@id":"https:\/\/itpagalba.com\/index.php\/apie-mus\/#primaryimage"},"thumbnailUrl":"https:\/\/itpagalba.com\/wp-content\/uploads\/2025\/01\/about-us.jpg","datePublished":"2025-01-08T13:22:47+00:00","dateModified":"2025-01-09T09:07:53+00:00","breadcrumb":{"@id":"https:\/\/itpagalba.com\/index.php\/apie-mus\/#breadcrumb"},"inLanguage":"lt-LT","potentialAction":[{"@type":"ReadAction","target":["https:\/\/itpagalba.com\/index.php\/apie-mus\/"]}]},{"@type":"ImageObject","inLanguage":"lt-LT","@id":"https:\/\/itpagalba.com\/index.php\/apie-mus\/#primaryimage","url":"https:\/\/itpagalba.com\/wp-content\/uploads\/2025\/01\/about-us.jpg","contentUrl":"https:\/\/itpagalba.com\/wp-content\/uploads\/2025\/01\/about-us.jpg","width":1024,"height":1024},{"@type":"BreadcrumbList","@id":"https:\/\/itpagalba.com\/index.php\/apie-mus\/#breadcrumb","itemListElement":[{"@type":"ListItem","position":1,"name":"Home","item":"https:\/\/itpagalba.com\/"},{"@type":"ListItem","position":2,"name":"Apie mus"}]},{"@type":"WebSite","@id":"https:\/\/itpagalba.com\/#website","url":"https:\/\/itpagalba.com\/","name":"itpagalba.com","description":"IT pagalba: WiFi, tinklai, saugumas \u2013 profesional\u016bs sprendimai","publisher":{"@id":"https:\/\/itpagalba.com\/#organization"},"potentialAction":[{"@type":"SearchAction","target":{"@type":"EntryPoint","urlTemplate":"https:\/\/itpagalba.com\/?s={search_term_string}"},"query-input":{"@type":"PropertyValueSpecification","valueRequired":true,"valueName":"search_term_string"}}],"inLanguage":"lt-LT"},{"@type":"Organization","@id":"https:\/\/itpagalba.com\/#organization","name":"itpagalba.com","url":"https:\/\/itpagalba.com\/","logo":{"@type":"ImageObject","inLanguage":"lt-LT","@id":"https:\/\/itpagalba.com\/#\/schema\/logo\/image\/","url":"https:\/\/itpagalba.com\/wp-content\/uploads\/2025\/01\/White-logo-no-background.png","contentUrl":"https:\/\/itpagalba.com\/wp-content\/uploads\/2025\/01\/White-logo-no-background.png","width":3192,"height":3155,"caption":"itpagalba.com"},"image":{"@id":"https:\/\/itpagalba.com\/#\/schema\/logo\/image\/"}}]}},"_links":{"self":[{"href":"https:\/\/itpagalba.com\/index.php\/wp-json\/wp\/v2\/pages\/165","targetHints":{"allow":["GET"]}}],"collection":[{"href":"https:\/\/itpagalba.com\/index.php\/wp-json\/wp\/v2\/pages"}],"about":[{"href":"https:\/\/itpagalba.com\/index.php\/wp-json\/wp\/v2\/types\/page"}],"author":[{"embeddable":true,"href":"https:\/\/itpagalba.com\/index.php\/wp-json\/wp\/v2\/users\/1"}],"replies":[{"embeddable":true,"href":"https:\/\/itpagalba.com\/index.php\/wp-json\/wp\/v2\/comments?post=165"}],"version-history":[{"count":19,"href":"https:\/\/itpagalba.com\/index.php\/wp-json\/wp\/v2\/pages\/165\/revisions"}],"predecessor-version":[{"id":194,"href":"https:\/\/itpagalba.com\/index.php\/wp-json\/wp\/v2\/pages\/165\/revisions\/194"}],"wp:attachment":[{"href":"https:\/\/itpagalba.com\/index.php\/wp-json\/wp\/v2\/media?parent=165"}],"curies":[{"name":"wp","href":"https:\/\/api.w.org\/{rel}","templated":true}]}}